ivided by 321?
293
Calculate the remainder when 51657 is divided by 315.
312
What is the remainder when 4658 is divided by 1143?
86
Calculate the remainder when 125322 is divided by 19.
17
What is the remainder when 51103 is divided by 25543?
17
What is the remainder when 5088 is divided by 137?
19
Calculate the remainder when 1284 is divided by 5.
4
What is the remainder when 6641477 is divided by 482?
481
What is the remainder when 2102334 is divided by 1051167?
0
What is the remainder when 632 is divided by 295?
42
What is the remainder when 642886 is divided by 12?
10
What is the remainder when 65911 is divided by 26?
1
Calculate the remainder when 5921 is divided by 228.
221
What is the remainder when 29997 is divided by 80?
77
Calculate the remainder when 6514 is divided by 1062.
142
Calculate the remainder when 103631 is divided by 25898.
39
Calculate the remainder when 93475 is divided by 7.
4
What is the remainder when 3723 is divided by 239?
138
Calculate the remainder when 11163 is divided by 35.
33
Calculate the remainder when 178491 is divided by 838.
835
Calculate the remainder when 31290 is divided by 448.
378
What is the remainder when 13738394 is divided by 7?
5
What is the remainder when 60878 is divided by 1032?
1022
What is the remainder when 52597 is divided by 56?
13
What is the remainder when 225349 is divided by 702?
7
What is the remainder when 5831 is divided by 166?
21
What is the remainder when 7483 is divided by 26?
21
Calculate the remainder when 33850 is divided by 104.
50
What is the remainder when 31277 is divided by 401?
400
Calculate the remainder when 6171941 is divided by 21.
20
What is the remainder when 3390 is divided by 108?
42
What is the remainder when 160666 is divided by 780?
766
Calculate the remainder when 110284 is divided by 18.
16
Calculate the remainder when 7996 is divided by 52.
40
What is the remainder when 126686 is divided by 153?
2
What is the remainder when 13811 is divided by 43?
8
What is the remainder when 216964 is divided by 107?
75
What is the remainder when 2608 is divided by 435?
433
Calculate the remainder when 3025 is divided by 20.
5
What is the remainder when 78522 is divided by 26115?
177
What is the remainder when 3398 is divided by 26?
18
What is the remainder when 15154 is divided by 11?
7
What is the remainder when 50544 is divided by 17?
3
What is the remainder when 2784 is divided by 701?
681
Calculate the remainder when 16051 is divided by 893.
870
Calculate the remainder when 9905 is divided by 248.
233
Calculate the remainder when 2448 is divided by 409.
403
Calculate the remainder when 8812 is divided by 2546.
1174
Calculate the remainder when 121468 is divided by 584.
580
Calculate the remainder when 38370 is divided by 106.
104
What is the remainder when 1419 is divided by 195?
54
What is the remainder when 477632 is divided by 261?
2
Calculate the remainder when 29821 is divided by 22.
11
Calculate the remainder when 948326 is divided by 316103.
17
What is the remainder when 15281 is divided by 1528?
1
What is the remainder when 73805 is divided by 13?
4
What is the remainder when 32605 is divided by 141?
34
What is the remainder when 40086 is divided by 13357?
15
Calculate the remainder when 58051 is divided by 8290.
21
What is the remainder when 9039 is divided by 40?
39
Calculate the remainder when 18256 is divided by 93.
28
Calculate the remainder when 17953 is divided by 3586.
23
What is the remainder when 121099 is divided by 274?
265
Calculate the remainder when 9937 is divided by 117.
109
Calculate the remainder when 80531 is divided by 67.
64
Calculate the remainder when 119980 is divided by 5214.
58
Calculate the remainder when 26400 is divided by 46.
42
What is the remainder when 35885 is divided by 1706?
59
Calculate the remainder when 140 is divided by 26.
10
What is the remainder when 1797 is divided by 365?
337
What is the remainder when 31789 is divided by 29?
5
What is the remainder when 224947 is divided by 364?
359
What is the remainder when 7888 is divided by 1088?
272
What is the remainder when 1508446 is divided by 30?
16
Calculate the remainder when 4109 is divided by 923.
417
Calculate the remainder when 147703 is divided by 147678.
25
Calculate the remainder when 21818 is divided by 47.
10
What is the remainder when 2058781 is divided by 19?
17
Calculate the remainder when 35012 is divided by 8.
4
Calculate the remainder when 57100 is divided by 47.
42
What is the remainder when 26324 is divided by 3517?
1705
Calculate the remainder when 33496 is divided by 139.
136
Calculate the remainder when 66789 is divided by 1563.
1143
Calculate the remainder when 658 is divided by 41.
2
What is the remainder when 18961 is divided by 231?
19
Calculate the remainder when 337617 is divided by 340.
337
What is the remainder when 18832 is divided by 9255?
322
Calculate the remainder when 2975 is divided by 6.
5
What is the remainder when 9271 is divided by 925?
21
What is the remainder when 230 is divided by 8?
6
Calculate the remainder when 19067 is divided by 6349.
20
What is the remainder when 2080689 is divided by 12?
9
What is the remainder when 25592 is divided by 8530?
2
What is the remainder when 7520 is divided by 46?
22
Calculate the remainder when 14558 is divided by 2891.
103
What is the remainder when 41751 is divided by 459?
441
What is the remainder when 117851 is divided by 36?
23
What is the remainder when 1808 is divided by 165?
158
What is the remainder when 222145 is divided by 17084?
53
Calculate the remainder when 7061 is divided by 1753.
49
Calculate the remainder when 5229 is divided by 105.
84
Calculate the remainder when 4793 is divided by 683.
12
What is the remainder when 782 is divided by 395?
387
What is the remainder when 26958 is divided by 13461?
36
What is the remainder when 14145 is divided by 262?
259
Calculate the remainder when 49422 is divided by 749.
737
Calculate the remainder when 9171 is divided by 2280.
51
What is the remainder when 2009 is divided by 398?
19
What is the remainder when 11172 is divided by 164?
20
Calculate the remainder when 956 is divided by 306.
38
Calculate the remainder when 126114 is divided by 1287.
1275
Calculate the remainder when 7145 is divided by 21.
5
What is the remainder when 68206 is divided by 135?
31
Calculate the remainder when 6459 is divided by 3221.
17
What is the remainder when 1737 is divided by 69?
12
What is the remainder when 2754 is divided by 914?
12
Calculate the remainder when 162944 is divided by 162909.
35
What is the remainder when 2909 is divided by 113?
84
Calculate the remainder when 6728775 is divided by 18.
15
Calculate the remainder when 8117 is divided by 7774.
343
Calculate the remainder when 163345 is divided by 27194.
181
Calculate the remainder when 21466 is divided by 45.
1
Calculate the remainder when 840 is divided by 208.
8
Calculate the remainder when 1697 is divided by 6.
5
What is the remainder when 73113 is divided by 6646?
7
Calculate the remainder when 5667 is divided by 1231.
743
Calculate the remainder when 197627 is divided by 128.
123
What is the remainder when 3734 is divided by 929?
18
Calculate the remainder when 5791 is divided by 26.
19
What is the remainder when 66063 is divided by 14?
11
What is the remainder when 48602 is divided by 144?
74
What is the remainder when 1505193 is divided by 99?
96
What is the remainder when 10709 is divided by 8?
5
What is the remainder when 40032 is divided by 13340?
12
Calculate the remainder when 1209963 is divided by 11308.
7
Calculate the remainder when 23965 is divided by 85.
80
Calculate the remainder when 5450 is divided by 818.
542
What is the remainder when 2278 is divided by 98?
24
Calculate the remainder when 251025 is divided by 401.
400
Calculate the remainder when 18806 is divided by 448.
438
What is the remainder when 1739530 is divided by 579843?
1
What is the remainder when 5882 is divided by 28?
2
Calculate the remainder when 6825 is divided by 3408.
9
What is the remainder when 36233 is divided by 979?
10
What is the remainder when 386420 is divided by 317?
314
Calculate the remainder when 1764 is divided by 1730.
34
What is the remainder when 186111 is divided by 139?
1